{"id":309,"date":"2021-01-19T10:55:43","date_gmt":"2021-01-19T10:55:43","guid":{"rendered":"http:\/\/cycle-point.de\/?page_id=309"},"modified":"2026-02-27T18:46:27","modified_gmt":"2026-02-27T18:46:27","slug":"wir-fuehren-weitere-raeder-der-marken-boettcher-grecos-bbf-excelsior-lehmkuhl-contura","status":"publish","type":"page","link":"https:\/\/cycle-point.de\/?page_id=309","title":{"rendered":"Einige Modelle aus unserem Sortiment"},"content":{"rendered":"<div id=\"pl-309\"  class=\"panel-layout\" ><div id=\"pg-309-0\"  class=\"panel-grid panel-no-style\" ><div id=\"pgc-309-0-0\"  class=\"panel-grid-cell\" ><div id=\"panel-309-0-0-0\" class=\"so-panel widget widget_text panel-first-child\" data-index=\"0\" >\t\t\t<div class=\"textwidget\"><p><img loading=\"lazy\" decoding=\"async\" class=\"alignnone size-large wp-image-868\" src=\"https:\/\/cycle-point.de\/wp-content\/uploads\/2025\/08\/hawk-e-city-wave-400_seite-1024x683.jpg\" alt=\"\" width=\"525\" height=\"350\" srcset=\"https:\/\/cycle-point.de\/wp-content\/uploads\/2025\/08\/hawk-e-city-wave-400_seite-1024x683.jpg 1024w, https:\/\/cycle-point.de\/wp-content\/uploads\/2025\/08\/hawk-e-city-wave-400_seite-1536x1024.jpg 1536w, https:\/\/cycle-point.de\/wp-content\/uploads\/2025\/08\/hawk-e-city-wave-400_seite-2048x1366.jpg 2048w, https:\/\/cycle-point.de\/wp-content\/uploads\/2025\/08\/hawk-e-city-wave-400_seite-272x182.jpg 272w, https:\/\/cycle-point.de\/wp-content\/uploads\/2025\/08\/hawk-e-city-wave-400_seite-300x200.jpg 300w, https:\/\/cycle-point.de\/wp-content\/uploads\/2025\/08\/hawk-e-city-wave-400_seite-768x512.jpg 768w\" sizes=\"auto, (max-width: 525px) 100vw, 525px\" \/><\/p>\n<p>Das HAWK E-City Wave 400 basiert auf der neuen BOSCH Rahmenplattform, die sich vor allem durch eine dezente und funktionale Akkuintegration kennzeichnet. Beim Antrieb kommt ein leistungsstarker BOSCH Active Mittelmotor zum Einsatz, der ein besonders nat\u00fcrliches Fahrgef\u00fchl und eine komfortable Reichweite von bis zu 120 km bietet. Auch die weiteren Komponenten wie kraftvolle hydraulische Shimano Scheibenbremsen, Shimano Nexus 8-Gang Nabenschaltung und pannensichere Schwalbe Marathon Green Guard Reifen zeigen eindrucksvoll, dass stets auf Qualit\u00e4t, Funktion und Sicherheit an den entscheidenden Bauteilen gesetzt wird. So macht das E-Bike-Fahren Spa\u00df!<\/p>\n<p><strong>2.799,-<\/strong><\/p>\n<\/div>\n\t\t<\/div><div id=\"panel-309-0-0-1\" class=\"so-panel widget widget_text\" data-index=\"1\" >\t\t\t<div class=\"textwidget\"><p><img loading=\"lazy\" decoding=\"async\" class=\"alignnone wp-image-853 size-large\" src=\"https:\/\/cycle-point.de\/wp-content\/uploads\/2025\/04\/b1176186sHmxuYZ9BexEJj-960x1024.jpg\" alt=\"\" width=\"525\" height=\"560\" srcset=\"https:\/\/cycle-point.de\/wp-content\/uploads\/2025\/04\/b1176186sHmxuYZ9BexEJj-960x1024.jpg 960w, https:\/\/cycle-point.de\/wp-content\/uploads\/2025\/04\/b1176186sHmxuYZ9BexEJj-1440x1536.jpg 1440w, https:\/\/cycle-point.de\/wp-content\/uploads\/2025\/04\/b1176186sHmxuYZ9BexEJj-281x300.jpg 281w, https:\/\/cycle-point.de\/wp-content\/uploads\/2025\/04\/b1176186sHmxuYZ9BexEJj-768x819.jpg 768w, https:\/\/cycle-point.de\/wp-content\/uploads\/2025\/04\/b1176186sHmxuYZ9BexEJj.jpg 1800w\" sizes=\"auto, (max-width: 525px) 100vw, 525px\" \/><\/p>\n<p>E-Bike LEHMKUHL P5.3 BOSCH Damen 7-Gang<br \/>\nRahmen: Alu Wave<br \/>\nGabel: Federgabel Zoom CH-730AMS<br \/>\nSchaltung: Shimano Nexus 7-Gang R\u00fccktritt<br \/>\nMotor: Mittelmotor Bosch Active Line Plus<br \/>\nDisplay: Bosch Purion<br \/>\nAkku: Rahmen Akku 400 Wh<br \/>\nLadeger\u00e4t: Bosch 2A<br \/>\nBereifung: Schwalbe Energizer Active Plus 47-622<br \/>\nBremsen: Magura HS22<br \/>\nBeleuchtung: vorn: 90 Lux<br \/>\nhinten: LED<br \/>\nzGG: 170 kg<br \/>\nGewicht: 28,4 kg<\/p>\n<p><strong>2.699,-<\/strong><\/p>\n<\/div>\n\t\t<\/div><div id=\"panel-309-0-0-2\" class=\"so-panel widget widget_text\" data-index=\"2\" >\t\t\t<div class=\"textwidget\"><p><img loading=\"lazy\" decoding=\"async\" class=\"alignnone wp-image-821 size-full\" src=\"https:\/\/cycle-point.de\/wp-content\/uploads\/2024\/12\/Peugeot-LC01-D7-Blanc-1280x615px_0.jpg\" alt=\"\" width=\"854\" height=\"410\" srcset=\"https:\/\/cycle-point.de\/wp-content\/uploads\/2024\/12\/Peugeot-LC01-D7-Blanc-1280x615px_0.jpg 854w, https:\/\/cycle-point.de\/wp-content\/uploads\/2024\/12\/Peugeot-LC01-D7-Blanc-1280x615px_0-300x144.jpg 300w, https:\/\/cycle-point.de\/wp-content\/uploads\/2024\/12\/Peugeot-LC01-D7-Blanc-1280x615px_0-768x369.jpg 768w\" sizes=\"auto, (max-width: 767px) 89vw, (max-width: 1000px) 54vw, (max-width: 1071px) 543px, 580px\" \/><\/p>\n<p>Peugeot &#8222;LC01-D7-Blanc&#8220;<\/p>\n<p><strong>z.Zt. ausverkauft<\/strong><\/p>\n<\/div>\n\t\t<\/div><div id=\"panel-309-0-0-3\" class=\"so-panel widget widget_text\" data-index=\"3\" >\t\t\t<div class=\"textwidget\"><p><img loading=\"lazy\" decoding=\"async\" class=\"alignnone wp-image-820 size-full\" src=\"https:\/\/cycle-point.de\/wp-content\/uploads\/2024\/12\/Peugeot-LU01-1280x615px.jpg\" alt=\"\" width=\"640\" height=\"307\" srcset=\"https:\/\/cycle-point.de\/wp-content\/uploads\/2024\/12\/Peugeot-LU01-1280x615px.jpg 640w, https:\/\/cycle-point.de\/wp-content\/uploads\/2024\/12\/Peugeot-LU01-1280x615px-300x144.jpg 300w\" sizes=\"auto, (max-width: 640px) 100vw, 640px\" \/><\/p>\n<p>Peugeot &#8222;LU01&#8220;<\/p>\n<p><strong>749,-<\/strong><\/p>\n<\/div>\n\t\t<\/div><div id=\"panel-309-0-0-4\" class=\"so-panel widget widget_text\" data-index=\"4\" >\t\t\t<div class=\"textwidget\"><p><a href=\"https:\/\/cycle-point.de\/wp-content\/uploads\/2021\/02\/CP_Maru.jpg\"><img loading=\"lazy\" decoding=\"async\" class=\"alignnone wp-image-409 size-full\" src=\"https:\/\/cycle-point.de\/wp-content\/uploads\/2021\/02\/CP_Maru.jpg\" alt=\"\" width=\"800\" height=\"455\" srcset=\"https:\/\/cycle-point.de\/wp-content\/uploads\/2021\/02\/CP_Maru.jpg 800w, https:\/\/cycle-point.de\/wp-content\/uploads\/2021\/02\/CP_Maru-300x171.jpg 300w, https:\/\/cycle-point.de\/wp-content\/uploads\/2021\/02\/CP_Maru-768x437.jpg 768w\" sizes=\"auto, (max-width: 767px) 89vw, (max-width: 1000px) 54vw, (max-width: 1071px) 543px, 580px\" \/><\/a><\/p>\n<p><strong>Checker Pig &#8222;Maru&#8220;<\/strong><\/p>\n<p>Das Maru ist ein puristisches Bike f\u00fcr Freizeit und City. Die Shimano Nexus 8-Gang Getriebenabe sorgt f\u00fcr eine aufger\u00e4umte Optik und bietet hohe Zuverl\u00e4ssigkeit. Mit der Nexus Nabe kann man \u00fcbrigens auch im Stand schalten. Die leichte Aluminium Starrgabel sorgt f\u00fcr ein direktes Lenkverhalten und senkt gleichzeitig das Gewicht. Die hydraulischen Shimano Scheibenbremsen bieten optimale Bremsperformance bei jeder Witterung. Unser Bestseller in der Checker Pig Linie.<\/p>\n<p>Bei uns nur <strong>749,00 EUR<\/strong><\/p>\n<\/div>\n\t\t<\/div><div id=\"panel-309-0-0-5\" class=\"so-panel widget widget_text\" data-index=\"5\" >\t\t\t<div class=\"textwidget\"><p><a href=\"https:\/\/cycle-point.de\/wp-content\/uploads\/2021\/02\/cadiz.jpg\"><img loading=\"lazy\" decoding=\"async\" class=\"alignnone wp-image-397 size-full\" src=\"https:\/\/cycle-point.de\/wp-content\/uploads\/2021\/02\/cadiz.jpg\" alt=\"\" width=\"800\" height=\"479\" srcset=\"https:\/\/cycle-point.de\/wp-content\/uploads\/2021\/02\/cadiz.jpg 800w, https:\/\/cycle-point.de\/wp-content\/uploads\/2021\/02\/cadiz-300x180.jpg 300w, https:\/\/cycle-point.de\/wp-content\/uploads\/2021\/02\/cadiz-768x460.jpg 768w\" sizes=\"auto, (max-width: 767px) 89vw, (max-width: 1000px) 54vw, (max-width: 1071px) 543px, 580px\" \/><\/a><\/p>\n<p><strong>PANTHER Cadiz Damen<\/strong><\/p>\n<p>Die Cadiz Serie besticht durch sch\u00f6nste Farbauswahl und zeitgem\u00e4\u00dfes schlichtes Design. Wartungsarme Komponenten wie Shimano Nexus Nabenschaltung mit Freilauf, sichere hydraulische Felgenbremsen von Magura und hochwertige LED Lichtanlage sind die technischen Highlights dieser Serie.<\/p>\n<p>Bei uns nur <strong>749,00 EUR<\/strong><\/p>\n<\/div>\n\t\t<\/div><div id=\"panel-309-0-0-6\" class=\"so-panel widget widget_text\" data-index=\"6\" >\t\t\t<div class=\"textwidget\"><p><a href=\"http:\/\/cycle-point.de\/wp-content\/uploads\/2021\/02\/b1042221.jpg\"><img loading=\"lazy\" decoding=\"async\" class=\"alignnone wp-image-359 size-medium\" src=\"http:\/\/cycle-point.de\/wp-content\/uploads\/2021\/02\/b1042221-300x185.jpg\" alt=\"\" width=\"300\" height=\"185\" srcset=\"https:\/\/cycle-point.de\/wp-content\/uploads\/2021\/02\/b1042221-300x185.jpg 300w, https:\/\/cycle-point.de\/wp-content\/uploads\/2021\/02\/b1042221-768x472.jpg 768w, https:\/\/cycle-point.de\/wp-content\/uploads\/2021\/02\/b1042221.jpg 800w\" sizes=\"auto, (max-width: 300px) 100vw, 300px\" \/><\/a><strong>PANTHER La STRADA Damen<\/strong><\/p>\n<p>La Strada ist unser Einstiegstrekkingrad f\u00fcr Sie und Ihn. Schlichtes Design gepaart mit guter Technik bieten Mobilit\u00e4t f\u00fcr kleines Geld.<\/p>\n<p>Auf Bestellung bei uns nur <strong>349,00 EUR<\/strong><\/p>\n<\/div>\n\t\t<\/div><div id=\"panel-309-0-0-7\" class=\"so-panel widget widget_text\" data-index=\"7\" >\t\t\t<div class=\"textwidget\"><p><a href=\"http:\/\/cycle-point.de\/wp-content\/uploads\/2021\/02\/b1042337.jpg\"><img loading=\"lazy\" decoding=\"async\" class=\"alignnone wp-image-361 size-medium\" src=\"http:\/\/cycle-point.de\/wp-content\/uploads\/2021\/02\/b1042337-300x174.jpg\" alt=\"\" width=\"300\" height=\"174\" srcset=\"https:\/\/cycle-point.de\/wp-content\/uploads\/2021\/02\/b1042337-300x174.jpg 300w, https:\/\/cycle-point.de\/wp-content\/uploads\/2021\/02\/b1042337-768x446.jpg 768w, https:\/\/cycle-point.de\/wp-content\/uploads\/2021\/02\/b1042337.jpg 800w\" sizes=\"auto, (max-width: 300px) 100vw, 300px\" \/><\/a><strong>PANTHER CORO<\/strong><\/p>\n<p>Perfekt f\u00fcr den Wochenendausflug \u2013 und die t\u00e4gliche Fahrt zur Arbeit. 24-Gang Kettenschaltung von Shimano, Tektro V-Brakes und Starrgabel bieten guten Komfort und Fahrspa\u00df!<\/p>\n<p>Auf Bestellung bei uns nur <strong>449,00 EUR<\/strong><\/p>\n<\/div>\n\t\t<\/div><div id=\"panel-309-0-0-8\" class=\"so-panel widget widget_text\" data-index=\"8\" >\t\t\t<div class=\"textwidget\"><p><a href=\"http:\/\/cycle-point.de\/wp-content\/uploads\/2021\/02\/3-88.jpg\"><img loading=\"lazy\" decoding=\"async\" class=\"alignnone wp-image-367 size-medium\" src=\"http:\/\/cycle-point.de\/wp-content\/uploads\/2021\/02\/3-88-300x187.jpg\" alt=\"\" width=\"300\" height=\"187\" srcset=\"https:\/\/cycle-point.de\/wp-content\/uploads\/2021\/02\/3-88-300x187.jpg 300w, https:\/\/cycle-point.de\/wp-content\/uploads\/2021\/02\/3-88-768x478.jpg 768w, https:\/\/cycle-point.de\/wp-content\/uploads\/2021\/02\/3-88.jpg 800w\" sizes=\"auto, (max-width: 300px) 100vw, 300px\" \/><\/a><strong>BBF Lille<\/strong><\/p>\n<p>Unser City-Hopper mit 3 Gang Nabenschaltung, Nabendynamo und LED Lichtern.<\/p>\n<p>Bei uns nur <strong>399,00 EUR<\/strong><\/p>\n<\/div>\n\t\t<\/div><div id=\"panel-309-0-0-9\" class=\"so-panel widget widget_text\" data-index=\"9\" >\t\t\t<div class=\"textwidget\"><p><a href=\"http:\/\/cycle-point.de\/wp-content\/uploads\/2021\/02\/2162733_EXCELSIOR_Dandy_2021_18697-1030x664-1.jpg\"><img loading=\"lazy\" decoding=\"async\" class=\"alignnone wp-image-369 size-medium\" src=\"http:\/\/cycle-point.de\/wp-content\/uploads\/2021\/02\/2162733_EXCELSIOR_Dandy_2021_18697-1030x664-1-300x193.jpg\" alt=\"\" width=\"300\" height=\"193\" srcset=\"https:\/\/cycle-point.de\/wp-content\/uploads\/2021\/02\/2162733_EXCELSIOR_Dandy_2021_18697-1030x664-1-300x193.jpg 300w, https:\/\/cycle-point.de\/wp-content\/uploads\/2021\/02\/2162733_EXCELSIOR_Dandy_2021_18697-1030x664-1-1024x660.jpg 1024w, https:\/\/cycle-point.de\/wp-content\/uploads\/2021\/02\/2162733_EXCELSIOR_Dandy_2021_18697-1030x664-1-768x495.jpg 768w, https:\/\/cycle-point.de\/wp-content\/uploads\/2021\/02\/2162733_EXCELSIOR_Dandy_2021_18697-1030x664-1.jpg 1030w\" sizes=\"auto, (max-width: 300px) 100vw, 300px\" \/><\/a><strong>EXCELSIOR Dandy<\/strong><\/p>\n<p>Single-Speed mit leichtem Alu-Rahmen, FlipFlop Hinterrad, Alu Felgen und integriertem Spa\u00df-Modul.<\/p>\n<p><strong>499,00 EUR<\/strong><\/p>\n<\/div>\n\t\t<\/div><div id=\"panel-309-0-0-10\" class=\"so-panel widget widget_text panel-last-child\" data-index=\"10\" ><h3 class=\"widget-title\">Weitere R\u00e4der:<\/h3>\t\t\t<div class=\"textwidget\"><p>Wir f\u00fchren weitere R\u00e4der der Marken <a href=\"https:\/\/www.boettcher-fahrraeder.de\/\">B\u00f6ttcher<\/a>, <a href=\"https:\/\/www.boettcher-fahrraeder.de\/group\/7\/Fahrr\u00e4der\">Grecos<\/a>, <a href=\"https:\/\/bbf.bike\/\">BBF<\/a>, <a href=\"https:\/\/www.excelsior-bikes.com\/\">Excelsior<\/a>, <a href=\"https:\/\/www.lehmkuhl.de\/\">Lehmkuhl<\/a>, <a href=\"https:\/\/www.contoura.de\/\">Contura<\/a>,<\/p>\n<p>kommt einfach vorbei und sprecht uns gerne an \ud83d\ude42<\/p>\n<\/div>\n\t\t<\/div><\/div><\/div><\/div>","protected":false},"excerpt":{"rendered":"<p>Das HAWK E-City Wave 400 basiert auf der neuen BOSCH Rahmenplattform, die sich vor allem durch eine dezente und funktionale Akkuintegration kennzeichnet. Beim Antrieb kommt ein leistungsstarker BOSCH Active Mittelmotor zum Einsatz, der ein besonders nat\u00fcrliches Fahrgef\u00fchl und eine komfortable Reichweite von bis zu 120 km bietet. Auch die weiteren Komponenten wie kraftvolle hydraulische Shimano &hellip; <\/p>\n<p class=\"link-more\"><a href=\"https:\/\/cycle-point.de\/?page_id=309\" class=\"more-link\"><span class=\"screen-reader-text\">\u201eEinige Modelle aus unserem Sortiment\u201c <\/span>weiterlesen<\/a><\/p>\n","protected":false},"author":2,"featured_media":814,"parent":0,"menu_order":0,"comment_status":"closed","ping_status":"closed","template":"","meta":{"footnotes":""},"class_list":["post-309","page","type-page","status-publish","has-post-thumbnail","hentry"],"aioseo_notices":[],"_links":{"self":[{"href":"https:\/\/cycle-point.de\/index.php?rest_route=\/wp\/v2\/pages\/309","targetHints":{"allow":["GET"]}}],"collection":[{"href":"https:\/\/cycle-point.de\/index.php?rest_route=\/wp\/v2\/pages"}],"about":[{"href":"https:\/\/cycle-point.de\/index.php?rest_route=\/wp\/v2\/types\/page"}],"author":[{"embeddable":true,"href":"https:\/\/cycle-point.de\/index.php?rest_route=\/wp\/v2\/users\/2"}],"replies":[{"embeddable":true,"href":"https:\/\/cycle-point.de\/index.php?rest_route=%2Fwp%2Fv2%2Fcomments&post=309"}],"version-history":[{"count":38,"href":"https:\/\/cycle-point.de\/index.php?rest_route=\/wp\/v2\/pages\/309\/revisions"}],"predecessor-version":[{"id":1115,"href":"https:\/\/cycle-point.de\/index.php?rest_route=\/wp\/v2\/pages\/309\/revisions\/1115"}],"wp:featuredmedia":[{"embeddable":true,"href":"https:\/\/cycle-point.de\/index.php?rest_route=\/wp\/v2\/media\/814"}],"wp:attachment":[{"href":"https:\/\/cycle-point.de\/index.php?rest_route=%2Fwp%2Fv2%2Fmedia&parent=309"}],"curies":[{"name":"wp","href":"https:\/\/api.w.org\/{rel}","templated":true}]}}