{"id":1339,"date":"2026-04-10T21:15:58","date_gmt":"2026-04-10T21:15:58","guid":{"rendered":"https:\/\/cycle-point.de\/?page_id=1339"},"modified":"2026-04-10T21:15:59","modified_gmt":"2026-04-10T21:15:59","slug":"vorfahrt-fuer-pflegedienste","status":"publish","type":"page","link":"https:\/\/cycle-point.de\/?page_id=1339","title":{"rendered":"Vorfahrt f\u00fcr Pflegedienste"},"content":{"rendered":"\n<p>Ambulante Pflegedienste haben bei uns grunds\u00e4tzlich Vorfahrt!<\/p>\n\n\n\n<p>Du bist im Auftrag eines ambulanten Pflegedienstes unterwegs und hast eine Panne? Wir helfen dir SOFORT!<\/p>\n\n\n\n<p>Du bringst dein Fahrrad direkt zu uns und sagst Bescheid, dass du f\u00fcr einen Pflegedienst arbeitest. Wir unterbrechen sofort eine laufende Reparatur und nehmen deinen Notfall dazwischen, damit du m\u00f6glichst schnell wieder losfahren kannst.<\/p>\n\n\n\n<p>Liebe weitere Kunden, bitte nehmt es uns nicht \u00fcbel, wenn sich durch solche Notf\u00e4lle eine eurer Reparaturen auch mal verz\u00f6gern kann. Es gibt Menschen, die dringend auf die Hilfe der Pflegedienste angewiesen sind. Manche mehr, andere vielleicht weniger. Sei es ein Verband, der dringend gewechselt werden muss. Oder ein \u00e4lterer Mensch, f\u00fcr den der Besuch der AltenpflegerIn der einzige soziale Kontakt des Tages oder sogar der Woche ist. F\u00fcr diese wichtigen Momente geben wir in der Werkstatt alles!<\/p>\n","protected":false},"excerpt":{"rendered":"<p>Ambulante Pflegedienste haben bei uns grunds\u00e4tzlich Vorfahrt! Du bist im Auftrag eines ambulanten Pflegedienstes unterwegs und hast eine Panne? Wir helfen dir SOFORT! Du bringst dein Fahrrad direkt zu uns und sagst Bescheid, dass du f\u00fcr einen Pflegedienst arbeitest. Wir unterbrechen sofort eine laufende Reparatur und nehmen deinen Notfall dazwischen, damit du m\u00f6glichst schnell wieder &hellip; <\/p>\n<p class=\"link-more\"><a href=\"https:\/\/cycle-point.de\/?page_id=1339\" class=\"more-link\"><span class=\"screen-reader-text\">\u201eVorfahrt f\u00fcr Pflegedienste\u201c <\/span>weiterlesen<\/a><\/p>\n","protected":false},"author":2,"featured_media":0,"parent":0,"menu_order":0,"comment_status":"closed","ping_status":"closed","template":"","meta":{"footnotes":""},"class_list":["post-1339","page","type-page","status-publish","hentry"],"aioseo_notices":[],"_links":{"self":[{"href":"https:\/\/cycle-point.de\/index.php?rest_route=\/wp\/v2\/pages\/1339","targetHints":{"allow":["GET"]}}],"collection":[{"href":"https:\/\/cycle-point.de\/index.php?rest_route=\/wp\/v2\/pages"}],"about":[{"href":"https:\/\/cycle-point.de\/index.php?rest_route=\/wp\/v2\/types\/page"}],"author":[{"embeddable":true,"href":"https:\/\/cycle-point.de\/index.php?rest_route=\/wp\/v2\/users\/2"}],"replies":[{"embeddable":true,"href":"https:\/\/cycle-point.de\/index.php?rest_route=%2Fwp%2Fv2%2Fcomments&post=1339"}],"version-history":[{"count":1,"href":"https:\/\/cycle-point.de\/index.php?rest_route=\/wp\/v2\/pages\/1339\/revisions"}],"predecessor-version":[{"id":1340,"href":"https:\/\/cycle-point.de\/index.php?rest_route=\/wp\/v2\/pages\/1339\/revisions\/1340"}],"wp:attachment":[{"href":"https:\/\/cycle-point.de\/index.php?rest_route=%2Fwp%2Fv2%2Fmedia&parent=1339"}],"curies":[{"name":"wp","href":"https:\/\/api.w.org\/{rel}","templated":true}]}}